{"id":23,"date":"2016-06-01T20:27:16","date_gmt":"2016-06-01T18:27:16","guid":{"rendered":"http:\/\/mssc-oppdingen.de\/?page_id=23"},"modified":"2016-06-01T20:56:06","modified_gmt":"2016-06-01T18:56:06","slug":"ueber-uns","status":"publish","type":"page","link":"https:\/\/mssc-oppdingen.de\/?page_id=23","title":{"rendered":"\u00dcber uns"},"content":{"rendered":"<p>Willkommen auf der Seite des MSSC Oppdingen.<\/p>\n<p>&#8220;MSSC&#8221; hei\u00dft nicht, wie uns k\u00fcrzlich unterstellt wurde, &#8220;M\u00e4dchen-Strick- und Spiele-Club&#8221; :-), sondern &#8220;Motor-Sport- und Spiele-Club&#8221;. Und Oppdingen ist kein kleines Dorf in Baden-W\u00fcrttemberg (das hei\u00dft n\u00e4mlich Oppingen), sondern eine Mischung aus unseren Krefelder Wohnort-Stadtteilen &#8220;Oppum&#8221; und Uerdingen&#8221;.<\/p>\n<p>Wir sind ein lockerer Zusammenschluss von Brettspielbegeisterten und gehen hier unseren Interessen Orientierungsfahrten und Brettspielen nach.<\/p>\n<p>Die Formula D\u00e9-Meisterschaft ist derzeit ausgesetzt.<br \/>\nDie Regeln f\u00fcr die Boxengasse wurden \u00fcberarbeitet.<\/p>\n<p>Und wie das mit dem Verein und den Orientierungsfahrten bei uns losgegangen ist, k\u00f6nnt Ihr hier nachlesen: <a href=\"http:\/\/mssc-oppdingen.de\/?p=15\">Wie alles begann<\/a>.<\/p>\n<p>&nbsp;<\/p>\n","protected":false},"excerpt":{"rendered":"<p>Willkommen auf der Seite des MSSC Oppdingen. &#8220;MSSC&#8221; hei\u00dft nicht, wie uns k\u00fcrzlich unterstellt wurde, &#8220;M\u00e4dchen-Strick- und Spiele-Club&#8221; :-), sondern &#8220;Motor-Sport- und Spiele-Club&#8221;. Und Oppdingen ist kein kleines Dorf in Baden-W\u00fcrttemberg (das hei\u00dft n\u00e4mlich Oppingen), sondern eine Mischung aus unseren Krefelder Wohnort-Stadtteilen &#8220;Oppum&#8221; und Uerdingen&#8221;. Wir sind ein lockerer Zusammenschluss von Brettspielbegeisterten und gehen hier unseren Interessen Orientierungsfahrten und Brettspielen nach. Die Formula D\u00e9-Meisterschaft ist derzeit ausgesetzt. Die Regeln f\u00fcr die Boxengasse wurden \u00fcberarbeitet. Und wie das mit dem Verein&#8230;<\/p>\n<p class=\"read-more\"><a class=\"btn btn-default\" href=\"https:\/\/mssc-oppdingen.de\/?page_id=23\">Weiterlesen<span class=\"screen-reader-text\"> Weiterlesen<\/span><\/a><\/p>\n","protected":false},"author":2,"featured_media":0,"parent":0,"menu_order":0,"comment_status":"closed","ping_status":"closed","template":"","meta":[],"_links":{"self":[{"href":"https:\/\/mssc-oppdingen.de\/index.php?rest_route=\/wp\/v2\/pages\/23"}],"collection":[{"href":"https:\/\/mssc-oppdingen.de\/index.php?rest_route=\/wp\/v2\/pages"}],"about":[{"href":"https:\/\/mssc-oppdingen.de\/index.php?rest_route=\/wp\/v2\/types\/page"}],"author":[{"embeddable":true,"href":"https:\/\/mssc-oppdingen.de\/index.php?rest_route=\/wp\/v2\/users\/2"}],"replies":[{"embeddable":true,"href":"https:\/\/mssc-oppdingen.de\/index.php?rest_route=%2Fwp%2Fv2%2Fcomments&post=23"}],"version-history":[{"count":5,"href":"https:\/\/mssc-oppdingen.de\/index.php?rest_route=\/wp\/v2\/pages\/23\/revisions"}],"predecessor-version":[{"id":62,"href":"https:\/\/mssc-oppdingen.de\/index.php?rest_route=\/wp\/v2\/pages\/23\/revisions\/62"}],"wp:attachment":[{"href":"https:\/\/mssc-oppdingen.de\/index.php?rest_route=%2Fwp%2Fv2%2Fmedia&parent=23"}],"curies":[{"name":"wp","href":"https:\/\/api.w.org\/{rel}","templated":true}]}}